ve h(9).
38
Let b(t) be the third derivative of t**4/8 + t**3/2 + 78*t**2. What is b(-1)?
0
Let l(s) = 3*s**3 - s**2 + 3*s - 2. Let r = -215 + 217. Give l(r).
24
Let i be -1 + 4 - 0/(-2). Let n = -493 + 495. Let h(c) = -4*c + 9*c + i - n*c. What is h(-2)?
-3
Suppose 3*d = 7 - 1. Suppose -d = p - 4. Let x(m) = -39 + m - m**p + 44 - 3*m. Give x(-5).
-10
Let s(d) = 3*d**2 + 3*d - 1. Let v = 876 + -874. Calculate s(v).
17
Let w(u) = -8*u**3 + 4*u - 1. Let h(a) = -a**3 + a**2 + 1. Let v(k) = 7*h(k) - w(k). Give v(-7).
36
Let b be (-26)/39*(-3)/2. Let i(k) = -3*k + 1. Give i(b).
-2
Let u = 1 - 0. Let a(p) = 4*p**2 - 13. Let c(g) = 17*g**2 - 59. Let x(b) = 9*a(b) - 2*c(b). What is x(u)?
3
Let p(b) = b**3 + 7*b**2 + b - 12. Let x(u) = 3*u**3 + 22*u**2 + 2*u - 35. Let c(m) = 8*p(m) - 3*x(m). Determine c(-10).
-11
Let a(n) = -n**2 - 16*n + 12. Suppose 3*u + 0*u + 26 = -i, 3*u + 60 = -3*i. Calculate a(i).
-5
Let f(q) = q + 7. Suppose 0 = 3*g - 4*j + 4, 4*g + 8 + 16 = -4*j. Let p be f(g). Suppose -p*z - 20 = -8*z. Let d(w) = w**2 - 7*w + 6. Determine d(z).
-6
Let g(d) = d**3 + 2*d**2 + 5*d + 4. Suppose -17*l - 3 - 31 = 0. Give g(l).
-6
Let x = 33 - 29. Let u(g) = 838*g + x - 16 - 837*g. Determine u(5).
-7
Suppose 3*k - 2*l = k - 8, 0 = k + 2*l - 8. Suppose k = -y + 48 - 13. Let o = y - 37. Let h(i) = -6*i - 3. Determine h(o).
9
Let b(l) = 21*l**2 + 2*l - 1. Let y = -271 + 272. What is b(y)?
22
Let m(b) = -6*b - 1. Let v(t) = 30*t + 3. Let o(q) = 7*m(q) + 2*v(q). What is o(-3)?
-55
Let o(y) = 3*y - 8*y - y + 8*y + 6 + 2*y. Calculate o(-2).
-2
Let d(o) = o**3 + o**2 - 30*o - 1. Let u be d(5). Let i(k) = -38*k - 1. What is i(u)?
37
Let c(y) = -y**3 - y**2 + 2*y - 4. Let q(j) = -j**3 - j**2 + 2*j - 4. Let t(f) = 6*c(f) - 5*q(f). Determine t(-3).
8
Let d(p) = 4*p + 0*p**3 - p**3 + 6*p**2 + 0*p + 2*p**3. Let g = 136 + -140. Give d(g).
16
Let m be 3*186/4*(-4)/(-18). Let a = m - 28. Let c(h) = 3*h - h + 1 - 8*h**2 + 7*h**2. Determine c(a).
-2
Let s(u) = -23*u**3 + 12*u**2 + u + 3. Let x(z) = 15*z**3 - 9*z**2 - z - 2. Let c(g) = -2*s(g) - 3*x(g). Let h = -2 + 0. Give c(h).
2
Let o(t) = t**2. Let n(x) = 5*x**2. Let d be n(1). Let w(s) = 11*s**2 - s - 1. Let f(r) = d*o(r) - w(r). Suppose 2*v + 5 = -3*v. Determine f(v).
-6
Let z(d) = d**2 - 5*d. Let r(x) = x**2 + 3*x - 8. Let v be r(-6). Let u = 16 - v. What is z(u)?
6
Let y(o) = -o**2 - 2*o + 1. Let u be -1 + -3 + 6 - -1. Let s(l) = -2*l**u + l**3 - l + 0*l - 5*l + 6*l**2. Let d be s(5). Give y(d).
-14
Let w = 16 - 2. Suppose 7*c - w = 28. Let x(u) = -5*u + 1 + c*u + 2*u. Determine x(-3).
-8
Let f(r) = 4*r**2 + 8*r - 3*r**2 + 24 + 2*r + 0*r. Let d be f(-7). Let w(m) = m**2 - 2. What is w(d)?
7
Let q(i) = i**2 + 7*i - 13. Let t be 56/(-6) + (-12)/(-9). Let h be q(t). Let p(f) = -f**3 - 5*f**2 + f - 6. Determine p(h).
-11
Let b(v) = -15*v**2 - 8*v. Let w(q) = -63*q**2 - 32*q. Let l(h) = -25*b(h) + 6*w(h). What is l(5)?
-35
Let j = -4 + 6. Suppose -2*s - j = 4. Let q(d) = -7*d**2 - 13*d - 3. Let y(m) = 10*m**2 + 19*m + 5. Let g(l) = 7*q(l) + 5*y(l). Give g(s).
1
Let o(l) = l**3 - 4*l**2 + 4*l - 3. Suppose -5*d + 4*x = 44, 4*x - 2 = 2. Let g = d - -11. What is o(g)?
0
Let x(z) = z**3 - 5*z**2 + 3*z. Let l(u) = -u**2 + 5*u - 5. Let y(q) = -l(q) + x(q). Let c(n) = -n**3 + 4*n**2 + 4. Let v be c(4). Give y(v).
-3
Let z(o) be the first derivative of -o**6/90 - o**5/120 + 3*o**3 + 2. Let n(g) be the third derivative of z(g). Give n(-2).
-14
Let k = 0 + 18. Let p(c) = c**2 + c. Let u(l) = -8*l**2 - 9*l + 1. Let z(n) = k*p(n) + 2*u(n). Let v(x) = x**3 - 2*x**2 - x. Let a be v(-1). What is z(a)?
10
Let p = -2 + 4. Let r(b) = -5*b**3 + 2*b**2 - 5*b - 6. Let u(f) = -9*f**3 + 4*f**2 - 9*f - 11. Let g(l) = 7*r(l) - 4*u(l). What is g(p)?
4
Let z(c) = c**3 - 6*c**2 - c + 2. Let n(s) = 16*s - 288. Let w be n(19). Let d = 8 + -18. Let l = w + d. What is z(l)?
-4
Suppose -5 = 4*y - 1. Let w be (y/(-4))/((-3)/(-36)). Let c(i) = i**3 - i**2 - 4*i + 3. Calculate c(w).
9
Let c(d) be the first derivative of d**4/4 - 3*d**3 + 7*d**2/2 - 7*d + 258. Give c(8).
-15
Let g(n) be the third derivative of n**5/30 + n**4/6 - 7*n**3/6 - 37*n**2. Determine g(-4).
9
Let l = 1 - 7. Let z(a) = -5 - 8*a - 7*a**2 - a**3 - 4*a**3 + 2*a + 4*a**3. Give z(l).
-5
Suppose 4*u + 5*q + 1 = 0, 5*u + 2*q - 4 - 16 = 0. Let o(z) = -7*z**2 + 3*z**2 - u - 16*z**3 + 17*z**3 - 2*z. Give o(5).
9
Let x(a) be the first derivative of a**4/12 + 5*a**3/3 + 11*a**2/2 - 2*a + 7. Let v(m) be the first derivative of x(m). What is v(-9)?
2
Let x be (10/4)/((-2)/(-4)). Let l(f) = -5 + 4*f + 0*f - 4*f + f. Give l(x).
0
Let t(a) = 5*a**2 - 2*a + 1. Let k = -119 - -134. Let o(j) = -j**3 + 16*j**2 - 16*j + 13. Let x be o(k). Determine t(x).
25
Let s(h) be the first derivative of -h**2/2 - h + 7. Let g be (-354)/(-14) + (-20)/70. Suppose -5*k - g = -5. Give s(k).
3
Let w(b) = -12 + b - 8 + 28 - b - 3*b. Calculate w(4).
-4
Let o(s) = 10*s**2 + 7*s + 2. Let u(i) = 7*i**2 + 5*i + 1. Let k(w) = -5*o(w) + 7*u(w). Calculate k(0).
-3
Let f(o) be the first derivative of -o**2/2 - 14*o - 106. What is f(-17)?
3
Let n(q) = 0*q**3 - 1 + 3*q - 2*q - q**3 + 3*q**2. Let v = 14 - 9. Suppose v = 3*u - 4. Give n(u).
2
Let j(w) = -w - 4. Let u be j(-10). Let n(i) = -i**3 + i**2 - i + 1. Let z(b) = 5*b**2 + b + 2. Let d(v) = n(v) + z(v). What is d(u)?
3
Let g(n) = -n**3 + 6*n**2 - 4*n. Let d(l) = -4*l**2 + 4*l. Let q(j) = -j**2. Let i(r) = d(r) - 5*q(r). Suppose 0*z - 10 = 2*z. Let c be i(z). Give g(c).
5
Let a(o) be the third derivative of -o**4/8 + o**3/6 + o**2. Suppose -2*f + 3*g - 14 = -4*f, 3*g = 0. Suppose 0 = s + 3 - f. Determine a(s).
-11
Suppose 0 = -0*g + 4*g. Suppose 0 = -2*o - 5*f + 11, 2*o + g*o = -f - 9. Let h(r) = -r + 2. Calculate h(o).
9
Let b(s) = -s**2 + 2*s + 3. Suppose -6*d + 9*d = 0. Suppose -11*o + 9*o - 6 = d. What is b(o)?
-12
Let q = 50 - 46. Let i(c) = 3 + 2*c + 3*c - 3*c**2 - 2*c + q*c**2. Determine i(-2).
1
Let f(t) = 6*t**3 - 2*t + 1. Let x be (-9)/12 - 14/(-8). Let u = x + -1. Suppose -q + 4*q - 3 = u. Determine f(q).
5
Let i(m) = -2*m**2. Let y(v) = 24*v**2 - v. Let l(f) = 6*i(f) + y(f). What is l(-1)?
13
Suppose -3*a = -5*j + j + 119, -4*j = -4*a - 116. Suppose j*t + 18 = 29*t. Let f(r) = -r - 9. Give f(t).
-3
Suppose i + 2*m = -6, -3*i - m = m - 2. Let l = -1 + i. Let p(w) = -24 - 19 + 45 + 2*w**2 - 4*w. Calculate p(l).
8
Let r(n) = -2*n + 22. Suppose -32*i + 198 = i. Determine r(i).
10
Let h(w) = 9*w + 4. Let g be ((-2)/3)/(2/(-6)). Let o(f) = -8 - 8*f - 1 - 9*f - g*f. Let l(p) = -13*h(p) - 6*o(p). Determine l(4).
-10
Let g(b) = b**3 + 6*b**2 + 4*b - 9. Let x be (-7 + 2 + -1)*(-22)/(-33). Determine g(x).
7
Let m(p) = -p - 3. Let i(h) = 5*h + 11. Let n(r) = -2*i(r) - 9*m(r). Let t be 9 + 1*1/1. Let d be (-6 - -1)*(-14)/t. What is n(d)?
-2
Let u(a) = -a**3 + 4*a**2 - 2*a - 7. Let p(v) = 23 + 0*v**3 + 3*v**3 - 10 - 7*v**2 - v**3 + 4*v. Let o(x) = -4*p(x) - 7*u(x). What is o(-2)?
9
Let c(t) = -2*t**2 + 8*t + 15. Let d be c(5). Let w(o) = -3*o**2 + 16*o - 7. Let n(p) = p**2 - 8*p + 4. Let r(v) = d*n(v) + 2*w(v). What is r(-9)?
-3
Let x = 490 - 486. Let w(g) = g**3 - 7*g**2 + 7*g - 4. Calculate w(x).
-24
Suppose 5*f = -5*j + 20, -4*j + 5*j + 32 = 5*f. Let l(h) = -h**3 + 6*h**2 - 6. Give l(f).
-6
Suppose -11 = -6*i + 7. Let u = i + -6. Let m(y) = -y**3 - 3*y**2 - y - 1. Determine m(u).
2
Let b(m) = m**3 - 5*m**2 - 6*m - 4. Suppose 0 = 4*g, 3*k + 17 + 16 = 5*g. Let w = 17 + k. Determine b(w).
-4
Let v(l) = l**3 - 8*l**2 - 13*l + 1. Suppose -1614*j + 1620*j - 54 = 0. Calculate v(j).
-35
Let w be (-9)/(-6)*1*-2. Let k(l) = -4*l**2 - 14*l - 10. Let n(f) = -5*f**2 - 17*f - 12. Let a(c) = 4*k(c) - 3*n(c). Calculate a(w).
2
Suppose -2*p = 2*o - 2, -2*o - 37*p = -32*p + 13. Let c(w) = -w**2 + 13*w - 20. What is c(o)?
22
Let y be (-24)/64*-8 - 6*1. Let m(r) = r**3 - 2*r**2 - r + 2. Give m(y).
-40
Let s = -27 + 34. Suppose -3 = 5*l - 2*l, n - 3*l = -s. Let f(w) = -w**2 - 11*w - 6. Calculate f(n).
4
Suppose 3*w - 4*r = -26, 8 = -15*r + 19*r. Let u(a) = 7*a + 44. Give u(w).
2
Let y(q) = -2*q**2 - 10*q + 1. Let g = -102 - -95. Calculate y(g).
-27
Let x(o) = -o**2 - 6*o - 18. Let v be x(-6). Let m be (-9)/(v/8) - 10. Let y(u) = u**3 + 5*u**2 - 7*u + 5. Give y(m).
11
Let c(j) = 2*j**3 + 2*j